) = 392*v - 40797. Give b(104).
-29
Let d(w) = w**3 - 2*w**2 - 13*w + 16. What is d(-3)?
10
Let f(n) = 421*n + 85. Determine f(-1).
-336
Let c(q) = q**3 + 43*q**2 + 194*q - 169. Calculate c(-6).
-1
Let n(r) = 3860*r + 54095. Determine n(-14).
55
Let h(x) = -92*x + 18033. Determine h(196).
1
Let m(o) = o**3 - 4*o**2 - 90*o + 44. Calculate m(-8).
-4
Let w(p) = 4*p**3 + 19*p**2 + 48*p + 164. Determine w(-4).
20
Let d(i) = 82*i + 3678. Calculate d(-45).
-12
Let v(t) = -t**3 + 45*t**2 - 392*t - 50. What is v(12)?
-2
Let q(f) = -13*f**2 + 119*f + 570. What is q(-5)?
-350
Let y(q) = -145*q + 3629. What is y(25)?
4
Let s(x) = 91*x - 187. Calculate s(2).
-5
Let k(x) = 2*x**3 - 57. Give k(0).
-57
Let a(x) = x**3 - 54*x**2 + 103*x + 44. Calculate a(52).
-8
Let o(k) = 1614*k - 35507. What is o(22)?
1
Let m(k) = -119*k + 5712. Give m(48).
0
Let b(q) = -3*q**2 - 45*q + 208. What is b(-19)?
-20
Let s(o) = 2*o**2 + 219*o + 2591. Give s(-96).
-1
Let q(d) = 8*d**3 + d**2 + 7*d + 22. Give q(-3).
-206
Let p(f) = f**3 - 11*f**2 - 24*f - 21. Determine p(13).
5
Let b(m) = m**3 + 8*m**2 + 82*m + 655. Determine b(-8).
-1
Let f(b) = b**2 + 38*b + 248. Determine f(-28).
-32
Let w(o) = -72*o - 202. Calculate w(-3).
14
Let g(u) = 366*u + 10624. Give g(-29).
10
Let h(t) = 786*t + 334. Calculate h(-1).
-452
Let n(w) = -w**3 + 22*w**2 - 111*w - 98. Calculate n(11).
12
Let c(i) = -i**3 + 4*i**2 - 18*i + 45. Determine c(3).
0
Let f(z) = -4551*z - 18212. Give f(-4).
-8
Let a(f) = 8*f**3 - f**2 - 12*f - 42. Give a(-3).
-231
Let l(k) = k**3 + 8*k**2 - 3*k + 17. Determine l(-8).
41
Let h(x) = -x**3 + x - 28. Give h(0).
-28
Let g(o) = o**3 - 10*o**2 - 38*o + 129. Give g(12).
-39
Let a(z) = 2*z**3 + 38*z**2 - 39*z + 14. Give a(-20).
-6
Let f(o) = 5*o**2 + 66*o + 173. Calculate f(-11).
52
Let d(x) = -x**3 + 40*x**2 + 84*x - 124. Determine d(42).
-124
Let p(h) = -2*h**2 + 176*h - 770. Calculate p(83).
60
Let o(i) = 31*i**3 + 4*i**2 + 3*i. Determine o(-1).
-30
Let g(a) = -3903*a + 195153. Give g(50).
3
Let f(l) = l**2 - 47*l + 182. Give f(4).
10
Let s(b) = 109*b + 1044. Calculate s(-11).
-155
Let h(p) = -p**3 + 24*p**2 + 3*p - 51. Give h(9).
1191
Let j(n) = -3*n**3 + 4*n**2 - 10*n - 11. Give j(0).
-11
Let r(l) = -4*l**3 + 23*l**2 - 30*l - 7. Determine r(4).
-15
Let q(g) = 4*g**2 - 238*g + 1473. What is q(7)?
3
Let t(v) = -2*v**3 + 29*v**2 + 12*v + 49. Determine t(15).
4
Let m(k) = 13*k - 242. Calculate m(7).
-151
Let g(r) = -254*r + 2288. What is g(9)?
2
Let r(o) = -31*o - 1023. Determine r(-30).
-93
Let d(x) = 4*x**2 - 320*x + 2553. Determine d(71).
-3
Let t(y) = -y**2 - 26*y + 8863. Give t(-108).
7
Let c(r) = 216*r + 2390. Determine c(-11).
14
Let u(d) = 69*d + 608. What is u(-9)?
-13
Let v(f) = f**2 - 74*f + 458. Determine v(67).
-11
Let v(g) = g**3 - 24*g**2 + 82*g - 39. Give v(20).
1
Let u(h) = 7*h**2 - 206*h + 23. What is u(31)?
364
Let h(m) = -165*m - 6445. Give h(-39).
-10
Let r(n) = n**3 - 8*n**2 + 7*n + 30. Determine r(6).
0
Let i(f) = 69*f - 325. Calculate i(5).
20
Let a(b) = -16*b - 776. Calculate a(-49).
8
Let d(q) = q**2 - 26*q + 1. Determine d(-6).
193
Let j(w) = 3*w + 101. What is j(-11)?
68
Let o(y) = -y**2 - 16*y + 230. What is o(10)?
-30
Let j(a) = -11*a + 237. Calculate j(8).
149
Let v(k) = k**2 + 16*k - 861. Calculate v(22).
-25
Let u(i) = -i**2 - 5*i + 3569. What is u(57)?
35
Let y(c) = 9*c**2 - 23*c - 38. What is y(-2)?
44
Let t(u) = u**3 + 190*u**2 - 3*u - 17. Determine t(0).
-17
Let a(n) = -n**3 + 10*n**2 - 2*n + 143. Determine a(11).
0
Let f(i) = i**2 + 518*i - 9138. What is f(17)?
-43
Let y(v) = v - 51. What is y(3)?
-48
Let s(d) = -d**2 + 96*d - 2056. Calculate s(63).
23
Let j(m) = -m**3 + 2*m**2 - 28*m + 202. What is j(5)?
-13
Let s(j) = j - 63. Give s(54).
-9
Let p(g) = 314*g + 949. Give p(-3).
7
Let v(m) = m**3 + 24*m**2 - 45*m + 23. Give v(-26).
-159
Let c(z) = z**2 - 5*z + 242. Calculate c(-14).
508
Let n(p) = -33*p - 2250. Calculate n(-68).
-6
Let n(u) = -4*u**2 - 41*u - 318. Calculate n(-6).
-216
Let n(l) = 3*l**3 + 135*l**2 + 2*l + 106. Calculate n(-45).
16
Let o(f) = 8*f**2 + 37*f + 8. Determine o(-8).
224
Let t(u) = -4*u**2 + 47*u + 68. Give t(13).
3
Let h(b) = 5*b**2 + 40*b + 180. Determine h(-5).
105
Let b(g) = 9*g - 214. Calculate b(33).
83
Let w(v) = v**3 + 12*v**2 + 26*v - 1. Give w(-5).
44
Let v(r) = -5*r**2 + 18*r + 14. Give v(6).
-58
Let o(u) = -u**3 + 43*u**2 - 20*u - 934. Give o(42).
-10
Let u(d) = -31*d - 595. Give u(-19).
-6
Let p(m) = -48*m**2 - 1916*m + 158. Give p(-40).
-2
Let r(o) = -16*o + 610. What is r(34)?
66
Let v(b) = 64*b + 1801. Calculate v(-29).
-55
Let y(f) = 10*f + 24. Give y(-10).
-76
Let d(l) = 486*l**3 - l**2 + 9*l - 9. Give d(1).
485
Let u(i) = -2*i**2 - 526*i + 6603. Determine u(-275).
3
Let c(i) = 53*i - 437. Calculate c(9).
40
Let s(x) = -3*x**3 + 4*x**2 + 4*x - 7. Give s(2).
-7
Let g(s) = -274*s - 1901. Give g(-7).
17
Let d(c) = 40*c**2 - 5603*c + 426. Give d(140).
6
Let o(p) = 3*p**3 - 29*p**2 - 15*p + 43. Give o(10).
-7
Let w(j) = -j**3 + 43*j**2 - 160*j + 97. Calculate w(39).
-59
Let d(j) = -1954*j - 46900. Determine d(-24).
-4
Let x(z) = z**2 - 17*z - 137. Give x(22).
-27
Let k(m) = 272*m - 2482. Determine k(9).
-34
Let m(p) = 2*p**2 - 3*p - 179. Determine m(-10).
51
Let p(q) = -9*q - 267. What is p(-27)?
-24
Let j(d) = d**3 - 20*d**2 + 5*d - 81. Calculate j(20).
19
Let r(w) = -w**2 + 30*w - 201. What is r(14)?
23
Let d(h) = 5*h**3 - 8*h**2 - 33*h - 56. Calculate d(4).
4
Let x(d) = -d**3 - 28*d**2 + 64*d + 1791. Give x(-28).
-1
Let t(u) = u**3 - 12*u**2 + 26*u - 38. What is t(9)?
-47
Let m(x) = -2*x**3 + 8*x**2 - 6*x + 40. Determine m(4).
16
Let y(h) = 34*h**3 - 16*h**2 + 4*h + 14. Calculate y(1).
36
Let j(x) = x**2 - 114*x + 2962. Calculate j(74).
2
Let b(u) = -u**3 + 8*u**2 + 37*u - 161. Give b(9).
91
Let m(p) = 115*p - 1. Give m(-1).
-116
Let v(d) = -d**3 + 3*d**2 - 26*d + 75. Calculate v(3).
-3
Let i(k) = 388*k - 17864. Calculate i(46).
-16
Let i(h) = -h**3 + 75*h**2 + h - 70. Give i(75).
5
Let z(g) = -143*g - 12509. Give z(-87).
-68
Let v(t) = -2*t**2 + 53*t - 56. Give v(14).
294
Let c(h) = 2*h**3 + 14*h**2 + 18*h - 19. What is c(-4)?
5
Let w(f) = -f**3 + 14*f**2 + 23*f + 145. Calculate w(16).
1
Let s(r) = r**2 - 3*r - 12. Give s(11).
76
Let p(b) = 10*b + 12. Give p(2).
32
Let r(n) = -n**3 - 4*n**2 + 7*n - 20. Determine r(-6).
10
Let c(d) = -d**2 - 25*d - 127. What is c(-9)?
17
Let w(p) = -2*p**2 - 33*p + 9. Determine w(-15).
54
Let a(w) = 8*w**3 - 2*w**2 + 5*w + 10. What is a(-2)?
-72
Let d(r) = 78*r - 1531. Calculate d(23).
263
Let b(q) = -q**2 + 103*q - 841. Give b(9).
5
Let c(m) = 4*m**2 + 163*m + 581. What is c(-38)?
163
Let p(s) = -s**3 + 58*s - 34. Give p(-8).
14
Let w(s) = -s**3 + 38*s**2 + 42*s - 81. Calculate w(39).
36
Let f(z) = 9*z**2 - 15*z - 1125. Give f(12).
-9
Let t(n) = -n**3 + 28*n**2 - 22*n - 71. Determine t(27).
64
Let q(i) = 9499*i + 94982. Determine q(-10).
-8
Let z(x) = 65*x + 75. Give z(0).
75
Let t(q) = -q**2 - 81*q - 1088. Calculate t(-64).
0
Let j(k) = -96*k + 1815. What is j(19)?
-9
Let u(r) = r**3 - 14*r**2 - 62*r + 736. Calculate u(13).
-239
Let f(i) = -i**3 - 11*i**2 - 5*i - 160. What is f(-12)?
44
Let r(g) = -g**2 - 291*g - 1161. Give r(-4).
-13
Let a(j) = 3*j**3 + 103*j**2 + 37*j + 101. Determine a(-34).
-1
Let b(j) = j**3 - 23*j**2 - 9*j + 73. Give b(23).
-134
Let r(h) = -24*h + 209. Determine r(16).
-175
Let v(l) = -l**3 - 14*l**2 + 9*l - 6. Calculate v(-11).
-468
Let x(c) = c**3 + 20*c**2 + 92*c - 18. Calculate x(-8).
14
Let x(g) = g**3 + 2*g**2 - 75*g - 23. Calculate x(8).
17
Let m(o) = 109*o - 1089. Give m(10).
1
Let z(f) = -f**3 - 2*f**2 + f - 5. Determine z(2).
-19
Let m(f) = 2*f**3 + 79*f**2 - 34*f + 245. Determine m(-40).
5
Let p(t) = t**2 - 118*t + 2734. Calculate p(88).
94
Let f(c) = -3*c**3 - 310*c**2 - 98*c + 521. Calculate f(-103).
6
Let u(w) = -290*w + 5231. Determine u(18).
11
Let w(o) = -o**3 - 24*o**2 - 40*o + 8. Give w(-22).
-80
Let j(t) = 3*t**2 + 85*t + 599. Determine j(-15).
-1
Let t(k) = -152*k + 2586. Calculate t(17).
2
Let v(i) = 35*i + 377. What is v(-11)?
-8
Let z(u) = -2*u**2 + 161*u - 796. Calculate z(75).
29
Let v(g) = -13*g**2 - 13*g - 3. Calculate v(-1).
-3
Let c(n) = 6*n**3 + 9*n**2 - 17*n - 29. Give c(-2).
-7
Let m(f) = f**2 - 1882*f 